 35284820?
4
What is the millions digit of 1817052?
1
What is the ten thousands digit of 688461?
8
What is the ten thousands digit of 78228?
7
What is the tens digit of 3225175?
7
What is the tens digit of 195241?
4
What is the tens digit of 10852219?
1
What is the hundreds digit of 8515656?
6
What is the ten thousands digit of 750107?
5
What is the units digit of 884765?
5
What is the ten thousands digit of 8313840?
1
What is the hundred thousands digit of 641602?
6
What is the hundreds digit of 2690742?
7
What is the thousands digit of 835177?
5
What is the units digit of 184202?
2
What is the hundred thousands digit of 1731902?
7
What is the ten thousands digit of 4515734?
1
What is the hundred thousands digit of 371384?
3
What is the ten thousands digit of 345686?
4
What is the hundreds digit of 188521?
5
What is the tens digit of 1051838?
3
What is the thousands digit of 2732036?
2
What is the units digit of 141018?
8
What is the tens digit of 2548797?
9
What is the thousands digit of 411398?
1
What is the units digit of 947781?
1
What is the tens digit of 2723047?
4
What is the hundreds digit of 189904?
9
What is the tens digit of 96526?
2
What is the tens digit of 268857?
5
What is the units digit of 178662?
2
What is the units digit of 15864608?
8
What is the ten thousands digit of 9397214?
9
What is the thousands digit of 3446008?
6
What is the hundred thousands digit of 4315014?
3
What is the hundreds digit of 129168?
1
What is the thousands digit of 88579?
8
What is the units digit of 3163587?
7
What is the tens digit of 16444837?
3
What is the hundreds digit of 3122365?
3
What is the units digit of 40515445?
5
What is the hundreds digit of 2516896?
8
What is the thousands digit of 126686?
6
What is the tens digit of 294517?
1
What is the units digit of 2596783?
3
What is the ten thousands digit of 1988558?
8
What is the millions digit of 32883785?
2
What is the hundred thousands digit of 3444787?
4
What is the ten thousands digit of 2719210?
1
What is the hundred thousands digit of 18000325?
0
What is the units digit of 3742759?
9
What is the tens digit of 481230?
3
What is the units digit of 293425?
5
What is the thousands digit of 444448?
4
What is the ten thousands digit of 144760?
4
What is the hundreds digit of 4623164?
1
What is the hundred thousands digit of 600881?
6
What is the ten millions digit of 18345644?
1
What is the tens digit of 594005?
0
What is the units digit of 1824355?
5
What is the tens digit of 12630177?
7
What is the units digit of 1954394?
4
What is the hundred thousands digit of 6871629?
8
What is the hundreds digit of 1361817?
8
What is the tens digit of 446864?
6
What is the ten thousands digit of 21607771?
0
What is the units digit of 392893?
3
What is the thousands digit of 139791?
9
What is the hundreds digit of 640303?
3
What is the hundred thousands digit of 428166?
4
What is the thousands digit of 338486?
8
What is the millions digit of 10284915?
0
What is the units digit of 1316729?
9
What is the hundred thousands digit of 5838253?
8
What is the hundreds digit of 448631?
6
What is the ten thousands digit of 29384122?
8
What is the thousands digit of 189829?
9
What is the units digit of 168488?
8
What is the millions digit of 20248367?
0
What is the hundred thousands digit of 3758320?
7
What is the units digit of 3657650?
0
What is the tens digit of 600017?
1
What is the thousands digit of 610070?
0
What is the units digit of 245243?
3
What is the tens digit of 15914479?
7
What is the units digit of 233443?
3
What is the hundreds digit of 4032010?
0
What is the millions digit of 35391847?
5
What is the ten thousands digit of 1001841?
0
What is the hundred thousands digit of 191447?
1
What is the tens digit of 5935600?
0
What is the ten millions digit of 20944476?
2
What is the millions digit of 1885174?
1
What is the hundred thousands digit of 306548?
3
What is the ten thousands digit of 16876598?
7
What is the thousands digit of 308723?
8
What is the tens digit of 1119435?
3
What is the thousands digit of 1274458?
4
What is the ten thousands digit of 644582?
4
What is the tens digit of 3952782?
8
What is the hundreds digit of 3308900?
9
What is the ten millions digit of 22342356?
2
What is the ten thousands digit of 103545?
0
What is the units digit of 518378?
8
What is the tens digit of 6033926?
2
What is the thousands digit of 539857?
9
What is the thousands digit of 123140?
3
What is the millions digit of 13877472?
3
What is the thousands digit of 702484?
2
What is the millions digit of 1846957?
1
What is the ten thousands digit of 761047?
6
What is the ten thousands digit of 293957?
9
What is the thousands digit of 84116?
4
What is the hundred thousands digit of 332723?
3
What is the thousands digit of 5522938?
2
What is the units digit of 32773468?
8
What is the units digit of 182964?
4
What is the hundreds digit of 1494317?
3
What is the tens digit of 174349?
4
What is the millions digit of 9410484?
9
What is the units digit of 483361?
1
What is the tens digit of 11067495?
9
What is the thousands digit of 1295058?
5
What is the ten thousands digit of 619351?
1
What is the tens digit of 38496490?
9
What is the units digit of 635302?
2
What is the units digit of 36551896?
6
What is the hundred thousands digit of 20849933?
8
What is the thousands digit of 1398874?
8
What is the hundreds digit of 1087532?
5
What is the thousands digit of 674751?
4
What is the tens digit of 79842?
4
What is the units digit of 686666?
6
What is the ten thousands digit of 333070?
3
What is the tens digit of 5381065?
6
What is the units digit of 20739694?
4
What is the ten millions digit of 15499306?
1
What is the units digit of 1808512?
2
What is the tens digit of 385986?
8
What is the ten thousands digit of 1419661?
1
What is the hundreds digit of 3626411?
4
What is the units digit of 159173?
3
What is the hundreds digit of 1439241?
2
What is the ten thousands digit of 3388369?
8
What is the hundred thousands digit of 1919174?
9
What is the millions digit of 5031108?
5
What is the hundreds digit of 3005932?
9
What is the units digit of 6386215?
5
What is the units digit of 95494?
4
What is the hundred thousands digit of 153539?
1
What is the tens digit of 7885859?
5
What is the hundred thousands digit of 844044?
8
What is the units digit of 74155?
5
What is the hundreds digit of 656520?
5
What is the hundred thousands digit of 1238392?
2
What is the units digit of 2704727?
7
What is the tens digit of 291018?
1
What is the ten thousands digit of 1588731?
8
What is the thousands digit of 48520?
8
What is the ten thousands digit of 1309079?
0
What is the thousands digit of 77344?
7
What is the hundreds digit of 2605313?
3
What is the hundred thousands digit of 11377308?
3
What is the hundred thousands digit of 289487?
2
What is the millions digit of 1190011?
1
What is the thousands digit of 320765?
0
What is the units digit of 4825929?
9
What is the tens digit of 255643?
4
What is the thousands digit of 613465?
3
What is the tens digit of 44248130?
3
What is the ten thousands digit of 261905?
6
What is the hundred thousands digit of 21883626?
8
What is the units digit of 350899?
9
What is the millions digit of 1500808?
1
What is the ten thousands digit of 30991718?
9
What is the tens digit of 11541813?
1
What is the hundred thousands digit of 371037?
3
What is the thousands digit of 1359282?
9
What is the ten thousands digit of 4058458?
5
What is the ten thousands digit of 575170?
7
What is the ten thousands digit of 1422498?
2
What is the hundred thousands digit of 6945824?
9
What is the thousands digit of 1095075?
5
What is the thousands digit of 12043402?
3
What is the units digit of 674155?
5
What is the millions digit of 1090089?
1
What is the tens digit of 31144?
4
What is the hundreds digit of 4917263?
2
What is the hundreds digit of 415848?
8
What is the millions digit of 10672423?
0
What is the hundreds digit of 5788426?
4
What is the hundreds digit of 125489?
4
What is the tens digit of 232666?
6
What is the tens digit of 1834548?
4
What is the hundred thousands digit of 24516571?
5
What is the millions digit of 5506407?
5
What is the thousands digit of 2287913?
7
What is the ten thousands digit of 74